Linux sh52.ich-4.com 5.14.0-611.26.1.el9_7.x86_64 #1 SMP PREEMPT_DYNAMIC Thu Jan 29 05:24:47 EST 2026 x86_64
LiteSpeed
Server IP : 198.143.147.58 & Your IP : 216.73.217.21
Domains :
Cant Read [ /etc/named.conf ]
User : actualbuzz
Terminal
Auto Root
Create File
Create Folder
Localroot Suggester
Backdoor Destroyer
Readme
/
usr /
local /
apache /
domlogs /
actualbuzz /
Delete
Unzip
Name
Size
Permission
Date
Action
actualbuzz.com
837.21
KB
-rw-r-----
2026-05-16 16:16
actualbuzz.com-ssl_log
70.69
KB
-rw-r-----
2026-05-16 16:10
rccg.actualbuzz.com
0
B
-rw-r-----
2026-05-16 12:02
rccg.actualbuzz.com-ssl_log
7.87
KB
-rw-r-----
2026-05-16 15:15
Save
Rename
114.119.132.61 - - [16/May/2026:12:03:25 +0000] "GET /shop/goods/337141084111 HTTP/1.1" 200 0 "https://actualbuzz.com/sitemap100.xml" "Mozilla/5.0 (Linux; Android 7.0;) AppleWebKit/537.36 (HTML, like Gecko) Mobile Safari/537.36 (compatible; PetalBot;+https://webmaster.petalsearch.com/site/petalbot)"
157.33.194.216 - - [16/May/2026:12:04:30 +0000] "GET /shop/goods/336626776734 HTTP/1.1" 200 0 "-" "Mozilla/5.0 (Macintosh; Intel Mac OS X 11_3_1) AppleWebKit/537.36 (KHTML, like Gecko) Chrome/125.0.6422.176 Safari/537.36"
114.119.149.1 - - [16/May/2026:12:05:15 +0000] "GET /shop/goods/33712856833 HTTP/1.1" 200 0 "https://actualbuzz.com/sitemap181.xml" "Mozilla/5.0 (Linux; Android 7.0;) AppleWebKit/537.36 (HTML, like Gecko) Mobile Safari/537.36 (compatible; PetalBot;+https://webmaster.petalsearch.com/site/petalbot)"
114.119.132.61 - - [16/May/2026:12:06:40 +0000] "GET /shop/goods/33712854517 HTTP/1.1" 200 0 "https://actualbuzz.com/sitemap270.xml" "Mozilla/5.0 (Linux; Android 7.0;) AppleWebKit/537.36 (HTML, like Gecko) Mobile Safari/537.36 (compatible; PetalBot;+https://webmaster.petalsearch.com/site/petalbot)"
114.119.149.1 - - [16/May/2026:12:07:58 +0000] "GET /shop/goods/33712853743 HTTP/1.1" 200 0 "https://actualbuzz.com/sitemap945.xml" "Mozilla/5.0 (Linux; Android 7.0;) AppleWebKit/537.36 (HTML, like Gecko) Mobile Safari/537.36 (compatible; PetalBot;+https://webmaster.petalsearch.com/site/petalbot)"
114.119.162.251 - - [16/May/2026:12:09:28 +0000] "GET /shop/goods/33712852828 HTTP/1.1" 200 0 "https://actualbuzz.com/sitemap181.xml" "Mozilla/5.0 (Linux; Android 7.0;) AppleWebKit/537.36 (HTML, like Gecko) Mobile Safari/537.36 (compatible; PetalBot;+https://webmaster.petalsearch.com/site/petalbot)"
40.77.167.75 - - [16/May/2026:12:12:21 +0000] "GET /shop/goods/336913379497 HTTP/2" 200 0 "-" "Mozilla/5.0 AppleWebKit/537.36 (KHTML, like Gecko; compatible; bingbot/2.0; +http://www.bing.com/bingbot.htm) Chrome/116.0.1938.76 Safari/537.36"
52.167.144.195 - - [16/May/2026:12:12:26 +0000] "GET /shop/goods/337093821230 HTTP/2" 200 0 "-" "Mozilla/5.0 AppleWebKit/537.36 (KHTML, like Gecko; compatible; bingbot/2.0; +http://www.bing.com/bingbot.htm) Chrome/116.0.1938.76 Safari/537.36"
114.119.149.1 - - [16/May/2026:12:13:27 +0000] "GET /shop/products/67105665739.html HTTP/1.1" 200 0 "https://actualbuzz.com/sitemap9.xml" "Mozilla/5.0 (Linux; Android 7.0;) AppleWebKit/537.36 (HTML, like Gecko) Mobile Safari/537.36 (compatible; PetalBot;+https://webmaster.petalsearch.com/site/petalbot)"
52.167.144.169 - - [16/May/2026:12:13:44 +0000] "GET /shop/goods/33718777472 HTTP/2" 200 0 "-" "Mozilla/5.0 AppleWebKit/537.36 (KHTML, like Gecko; compatible; bingbot/2.0; +http://www.bing.com/bingbot.htm) Chrome/116.0.1938.76 Safari/537.36"
114.119.128.5 - - [16/May/2026:12:14:50 +0000] "GET /shop/goods/33728844379 HTTP/1.1" 200 0 "https://actualbuzz.com/sitemap621.xml" "Mozilla/5.0 (Linux; Android 7.0;) AppleWebKit/537.36 (HTML, like Gecko) Mobile Safari/537.36 (compatible; PetalBot;+https://webmaster.petalsearch.com/site/petalbot)"
114.119.128.5 - - [16/May/2026:12:16:21 +0000] "GET /shop/goods/33725898265 HTTP/1.1" 200 0 "https://actualbuzz.com/sitemap621.xml" "Mozilla/5.0 (Linux; Android 7.0;) AppleWebKit/537.36 (HTML, like Gecko) Mobile Safari/537.36 (compatible; PetalBot;+https://webmaster.petalsearch.com/site/petalbot)"
114.119.149.1 - - [16/May/2026:12:17:38 +0000] "GET /shop/goods/337238463982 HTTP/1.1" 200 0 "https://actualbuzz.com/sitemap594.xml" "Mozilla/5.0 (Linux; Android 7.0;) AppleWebKit/537.36 (HTML, like Gecko) Mobile Safari/537.36 (compatible; PetalBot;+https://webmaster.petalsearch.com/site/petalbot)"
114.119.150.16 - - [16/May/2026:12:19:07 +0000] "GET /shop/goods/337229530017 HTTP/1.1" 200 0 "https://actualbuzz.com/sitemap405.xml" "Mozilla/5.0 (Linux; Android 7.0;) AppleWebKit/537.36 (HTML, like Gecko) Mobile Safari/537.36 (compatible; PetalBot;+https://webmaster.petalsearch.com/site/petalbot)"
114.119.128.5 - - [16/May/2026:12:20:28 +0000] "GET /shop/goods/3372100598863 HTTP/1.1" 200 0 "https://actualbuzz.com/sitemap154.xml" "Mozilla/5.0 (Linux; Android 7.0;) AppleWebKit/537.36 (HTML, like Gecko) Mobile Safari/537.36 (compatible; PetalBot;+https://webmaster.petalsearch.com/site/petalbot)"
172.94.0.135 - - [16/May/2026:12:21:26 +0000] "GET /dev/wp-login.php HTTP/1.1" 200 0 "-" "Mozilla/5.0 (Windows NT 10.0; Win64; x64) AppleWebKit/537.36 (KHTML, like Gecko) Chrome/115.0.0.0 Safari/537.36 Edg/115.0.1901.203"
114.119.162.251 - - [16/May/2026:12:21:48 +0000] "GET /shop/goods/337197265933 HTTP/1.1" 200 0 "https://actualbuzz.com/sitemap351.xml" "Mozilla/5.0 (Linux; Android 7.0;) AppleWebKit/537.36 (HTML, like Gecko) Mobile Safari/537.36 (compatible; PetalBot;+https://webmaster.petalsearch.com/site/petalbot)"
114.119.139.183 - - [16/May/2026:12:23:11 +0000] "GET /shop/goods/33718760481 HTTP/1.1" 200 0 "https://actualbuzz.com/sitemap621.xml" "Mozilla/5.0 (Linux; Android 7.0;) AppleWebKit/537.36 (HTML, like Gecko) Mobile Safari/537.36 (compatible; PetalBot;+https://webmaster.petalsearch.com/site/petalbot)"
114.119.155.115 - - [16/May/2026:12:24:39 +0000] "GET /shop/goods/33718468974 HTTP/1.1" 200 0 "https://actualbuzz.com/sitemap432.xml" "Mozilla/5.0 (Linux; Android 7.0;) AppleWebKit/537.36 (HTML, like Gecko) Mobile Safari/537.36 (compatible; PetalBot;+https://webmaster.petalsearch.com/site/petalbot)"
114.119.132.61 - - [16/May/2026:12:25:57 +0000] "GET /shop/goods/33715571028 HTTP/1.1" 200 0 "https://actualbuzz.com/sitemap378.xml" "Mozilla/5.0 (Linux; Android 7.0;) AppleWebKit/537.36 (HTML, like Gecko) Mobile Safari/537.36 (compatible; PetalBot;+https://webmaster.petalsearch.com/site/petalbot)"
114.119.132.61 - - [16/May/2026:12:27:20 +0000] "GET /shop/goods/337147268561 HTTP/1.1" 200 0 "https://actualbuzz.com/sitemap513.xml" "Mozilla/5.0 (Linux; Android 7.0;) AppleWebKit/537.36 (HTML, like Gecko) Mobile Safari/537.36 (compatible; PetalBot;+https://webmaster.petalsearch.com/site/petalbot)"
114.119.139.183 - - [16/May/2026:12:28:49 +0000] "GET /shop/goods/33712856956 HTTP/1.1" 200 0 "https://actualbuzz.com/sitemap405.xml" "Mozilla/5.0 (Linux; Android 7.0;) AppleWebKit/537.36 (HTML, like Gecko) Mobile Safari/537.36 (compatible; PetalBot;+https://webmaster.petalsearch.com/site/petalbot)"
52.167.144.181 - - [16/May/2026:12:28:54 +0000] "GET /special10258004?kg=0010199223 HTTP/2" 200 0 "-" "Mozilla/5.0 AppleWebKit/537.36 (KHTML, like Gecko; compatible; bingbot/2.0; +http://www.bing.com/bingbot.htm) Chrome/116.0.1938.76 Safari/537.36"
52.167.144.181 - - [16/May/2026:12:28:54 +0000] "GET /shop/goods/337114398471 HTTP/2" 200 0 "-" "Mozilla/5.0 AppleWebKit/537.36 (KHTML, like Gecko; compatible; bingbot/2.0; +http://www.bing.com/bingbot.htm) Chrome/116.0.1938.76 Safari/537.36"
52.167.144.169 - - [16/May/2026:12:28:58 +0000] "GET /shop/goods/33669033466 HTTP/2" 200 0 "-" "Mozilla/5.0 AppleWebKit/537.36 (KHTML, like Gecko; compatible; bingbot/2.0; +http://www.bing.com/bingbot.htm) Chrome/116.0.1938.76 Safari/537.36"
114.119.155.115 - - [16/May/2026:12:30:15 +0000] "GET /shop/goods/33712850305 HTTP/1.1" 200 0 "https://actualbuzz.com/sitemap270.xml" "Mozilla/5.0 (Linux; Android 7.0;) AppleWebKit/537.36 (HTML, like Gecko) Mobile Safari/537.36 (compatible; PetalBot;+https://webmaster.petalsearch.com/site/petalbot)"
114.119.150.16 - - [16/May/2026:12:31:40 +0000] "GET /shop/goods/33712849300 HTTP/1.1" 200 0 "https://actualbuzz.com/sitemap702.xml" "Mozilla/5.0 (Linux; Android 7.0;) AppleWebKit/537.36 (HTML, like Gecko) Mobile Safari/537.36 (compatible; PetalBot;+https://webmaster.petalsearch.com/site/petalbot)"
40.77.167.79 - - [16/May/2026:12:32:43 +0000] "GET /shop/goods/33676800668 HTTP/2" 200 0 "-" "Mozilla/5.0 AppleWebKit/537.36 (KHTML, like Gecko; compatible; bingbot/2.0; +http://www.bing.com/bingbot.htm) Chrome/116.0.1938.76 Safari/537.36"
52.167.144.169 - - [16/May/2026:12:32:48 +0000] "GET /special8782904?kg=0008732601 HTTP/2" 200 0 "-" "Mozilla/5.0 AppleWebKit/537.36 (KHTML, like Gecko; compatible; bingbot/2.0; +http://www.bing.com/bingbot.htm) Chrome/116.0.1938.76 Safari/537.36"
52.167.144.169 - - [16/May/2026:12:35:06 +0000] "GET /shop/goods/33687226233 HTTP/2" 200 0 "-" "Mozilla/5.0 AppleWebKit/537.36 (KHTML, like Gecko; compatible; bingbot/2.0; +http://www.bing.com/bingbot.htm) Chrome/116.0.1938.76 Safari/537.36"
114.119.155.115 - - [16/May/2026:12:37:11 +0000] "GET /shop/products/67084627364.html HTTP/1.1" 200 0 "https://actualbuzz.com/sitemap9.xml" "Mozilla/5.0 (Linux; Android 7.0;) AppleWebKit/537.36 (HTML, like Gecko) Mobile Safari/537.36 (compatible; PetalBot;+https://webmaster.petalsearch.com/site/petalbot)"
114.119.149.1 - - [16/May/2026:12:38:34 +0000] "GET /shop/products/67042750625.html HTTP/1.1" 200 0 "https://actualbuzz.com/sitemap9.xml" "Mozilla/5.0 (Linux; Android 7.0;) AppleWebKit/537.36 (HTML, like Gecko) Mobile Safari/537.36 (compatible; PetalBot;+https://webmaster.petalsearch.com/site/petalbot)"
114.119.139.183 - - [16/May/2026:12:39:59 +0000] "GET /shop/goods/33718774697 HTTP/1.1" 200 0 "https://actualbuzz.com/sitemap351.xml" "Mozilla/5.0 (Linux; Android 7.0;) AppleWebKit/537.36 (HTML, like Gecko) Mobile Safari/537.36 (compatible; PetalBot;+https://webmaster.petalsearch.com/site/petalbot)"
114.119.155.115 - - [16/May/2026:12:41:20 +0000] "GET /shop/goods/337153088249 HTTP/1.1" 200 0 "https://actualbuzz.com/sitemap270.xml" "Mozilla/5.0 (Linux; Android 7.0;) AppleWebKit/537.36 (HTML, like Gecko) Mobile Safari/537.36 (compatible; PetalBot;+https://webmaster.petalsearch.com/site/petalbot)"
114.119.149.1 - - [16/May/2026:12:42:42 +0000] "GET /shop/goods/337141098038 HTTP/1.1" 200 0 "https://actualbuzz.com/sitemap243.xml" "Mozilla/5.0 (Linux; Android 7.0;) AppleWebKit/537.36 (HTML, like Gecko) Mobile Safari/537.36 (compatible; PetalBot;+https://webmaster.petalsearch.com/site/petalbot)"
52.167.144.169 - - [16/May/2026:12:43:05 +0000] "GET /shop/goods/33681285658 HTTP/2" 200 0 "-" "Mozilla/5.0 AppleWebKit/537.36 (KHTML, like Gecko; compatible; bingbot/2.0; +http://www.bing.com/bingbot.htm) Chrome/116.0.1938.76 Safari/537.36"
40.77.167.40 - - [16/May/2026:12:43:07 +0000] "GET /shop/goods/336999401618 HTTP/2" 200 0 "-" "Mozilla/5.0 AppleWebKit/537.36 (KHTML, like Gecko; compatible; bingbot/2.0; +http://www.bing.com/bingbot.htm) Chrome/116.0.1938.76 Safari/537.36"
52.167.144.160 - - [16/May/2026:12:43:10 +0000] "GET /shop/goods/33697627266 HTTP/2" 200 0 "-" "Mozilla/5.0 AppleWebKit/537.36 (KHTML, like Gecko; compatible; bingbot/2.0; +http://www.bing.com/bingbot.htm) Chrome/116.0.1938.76 Safari/537.36"
114.119.150.16 - - [16/May/2026:12:44:10 +0000] "GET /shop/goods/337138278081 HTTP/1.1" 200 0 "https://actualbuzz.com/sitemap405.xml" "Mozilla/5.0 (Linux; Android 7.0;) AppleWebKit/537.36 (HTML, like Gecko) Mobile Safari/537.36 (compatible; PetalBot;+https://webmaster.petalsearch.com/site/petalbot)"
114.119.150.16 - - [16/May/2026:12:45:29 +0000] "GET /shop/goods/33712848910 HTTP/1.1" 200 0 "https://actualbuzz.com/sitemap945.xml" "Mozilla/5.0 (Linux; Android 7.0;) AppleWebKit/537.36 (HTML, like Gecko) Mobile Safari/537.36 (compatible; PetalBot;+https://webmaster.petalsearch.com/site/petalbot)"
114.119.162.251 - - [16/May/2026:12:46:55 +0000] "GET /shop/goods/33712845391 HTTP/1.1" 200 0 "https://actualbuzz.com/sitemap270.xml" "Mozilla/5.0 (Linux; Android 7.0;) AppleWebKit/537.36 (HTML, like Gecko) Mobile Safari/537.36 (compatible; PetalBot;+https://webmaster.petalsearch.com/site/petalbot)"
114.119.128.5 - - [16/May/2026:12:48:24 +0000] "GET /shop/goods/33712844271 HTTP/1.1" 200 0 "https://actualbuzz.com/sitemap189.xml" "Mozilla/5.0 (Linux; Android 7.0;) AppleWebKit/537.36 (HTML, like Gecko) Mobile Safari/537.36 (compatible; PetalBot;+https://webmaster.petalsearch.com/site/petalbot)"
114.119.128.5 - - [16/May/2026:12:49:42 +0000] "GET /shop/goods/33712844086 HTTP/1.1" 200 0 "https://actualbuzz.com/sitemap945.xml" "Mozilla/5.0 (Linux; Android 7.0;) AppleWebKit/537.36 (HTML, like Gecko) Mobile Safari/537.36 (compatible; PetalBot;+https://webmaster.petalsearch.com/site/petalbot)"
114.119.132.61 - - [16/May/2026:12:51:06 +0000] "GET /shop/goods/33712842973 HTTP/1.1" 200 0 "https://actualbuzz.com/sitemap181.xml" "Mozilla/5.0 (Linux; Android 7.0;) AppleWebKit/537.36 (HTML, like Gecko) Mobile Safari/537.36 (compatible; PetalBot;+https://webmaster.petalsearch.com/site/petalbot)"
114.119.149.1 - - [16/May/2026:12:52:29 +0000] "GET /shop/goods/33712842430 HTTP/1.1" 200 0 "https://actualbuzz.com/sitemap405.xml" "Mozilla/5.0 (Linux; Android 7.0;) AppleWebKit/537.36 (HTML, like Gecko) Mobile Safari/537.36 (compatible; PetalBot;+https://webmaster.petalsearch.com/site/petalbot)"
52.167.144.161 - - [16/May/2026:12:53:07 +0000] "GET /shop/goods/336848755032 HTTP/2" 200 0 "-" "Mozilla/5.0 AppleWebKit/537.36 (KHTML, like Gecko; compatible; bingbot/2.0; +http://www.bing.com/bingbot.htm) Chrome/116.0.1938.76 Safari/537.36"
114.119.138.172 - - [16/May/2026:12:53:43 +0000] "GET /sitemap28.xml HTTP/1.1" 200 0 "-" "Mozilla/5.0 (Linux; Android 7.0;) AppleWebKit/537.36 (KHTML, like Gecko) Mobile Safari/537.36 (compatible; PetalBot;+https://webmaster.petalsearch.com/site/petalbot)"
114.119.147.205 - - [16/May/2026:12:53:51 +0000] "GET /shop/goods/33712837482 HTTP/1.1" 200 0 "https://actualbuzz.com/sitemap108.xml" "Mozilla/5.0 (Linux; Android 7.0;) AppleWebKit/537.36 (HTML, like Gecko) Mobile Safari/537.36 (compatible; PetalBot;+https://webmaster.petalsearch.com/site/petalbot)"
114.119.149.1 - - [16/May/2026:12:56:36 +0000] "GET /shop/goods/337244382350 HTTP/1.1" 200 0 "https://actualbuzz.com/sitemap100.xml" "Mozilla/5.0 (Linux; Android 7.0;) AppleWebKit/537.36 (HTML, like Gecko) Mobile Safari/537.36 (compatible; PetalBot;+https://webmaster.petalsearch.com/site/petalbot)"
40.77.167.61 - - [16/May/2026:12:56:56 +0000] "GET /shop/goods/33663238071 HTTP/2" 200 0 "-" "Mozilla/5.0 AppleWebKit/537.36 (KHTML, like Gecko; compatible; bingbot/2.0; +http://www.bing.com/bingbot.htm) Chrome/116.0.1938.76 Safari/537.36"
40.77.167.61 - - [16/May/2026:12:56:56 +0000] "GET /shop/goods/337194617631 HTTP/2" 200 0 "-" "Mozilla/5.0 AppleWebKit/537.36 (KHTML, like Gecko; compatible; bingbot/2.0; +http://www.bing.com/bingbot.htm) Chrome/116.0.1938.76 Safari/537.36"
40.77.167.61 - - [16/May/2026:12:56:56 +0000] "GET /shop/goods/33673897767 HTTP/2" 200 0 "-" "Mozilla/5.0 AppleWebKit/537.36 (KHTML, like Gecko; compatible; bingbot/2.0; +http://www.bing.com/bingbot.htm) Chrome/116.0.1938.76 Safari/537.36"
52.167.144.161 - - [16/May/2026:12:57:00 +0000] "GET /shop/goods/33708060722 HTTP/2" 200 0 "-" "Mozilla/5.0 AppleWebKit/537.36 (KHTML, like Gecko; compatible; bingbot/2.0; +http://www.bing.com/bingbot.htm) Chrome/116.0.1938.76 Safari/537.36"
114.119.132.61 - - [16/May/2026:12:58:05 +0000] "GET /shop/goods/33722935079 HTTP/1.1" 200 0 "https://actualbuzz.com/sitemap181.xml" "Mozilla/5.0 (Linux; Android 7.0;) AppleWebKit/537.36 (HTML, like Gecko) Mobile Safari/537.36 (compatible; PetalBot;+https://webmaster.petalsearch.com/site/petalbot)"
114.119.147.205 - - [16/May/2026:12:59:34 +0000] "GET /shop/goods/337197258475 HTTP/1.1" 200 0 "https://actualbuzz.com/sitemap378.xml" "Mozilla/5.0 (Linux; Android 7.0;) AppleWebKit/537.36 (HTML, like Gecko) Mobile Safari/537.36 (compatible; PetalBot;+https://webmaster.petalsearch.com/site/petalbot)"
114.119.139.183 - - [16/May/2026:13:00:57 +0000] "GET /shop/goods/33718731051 HTTP/1.1" 200 0 "https://actualbuzz.com/sitemap621.xml" "Mozilla/5.0 (Linux; Android 7.0;) AppleWebKit/537.36 (HTML, like Gecko) Mobile Safari/537.36 (compatible; PetalBot;+https://webmaster.petalsearch.com/site/petalbot)"
114.119.150.16 - - [16/May/2026:13:02:15 +0000] "GET /shop/goods/337170917144 HTTP/1.1" 200 0 "https://actualbuzz.com/sitemap405.xml" "Mozilla/5.0 (Linux; Android 7.0;) AppleWebKit/537.36 (HTML, like Gecko) Mobile Safari/537.36 (compatible; PetalBot;+https://webmaster.petalsearch.com/site/petalbot)"
114.119.128.5 - - [16/May/2026:13:03:36 +0000] "GET /shop/goods/337170605384 HTTP/1.1" 200 0 "https://actualbuzz.com/sitemap405.xml" "Mozilla/5.0 (Linux; Android 7.0;) AppleWebKit/537.36 (HTML, like Gecko) Mobile Safari/537.36 (compatible; PetalBot;+https://webmaster.petalsearch.com/site/petalbot)"
114.119.132.61 - - [16/May/2026:13:05:05 +0000] "GET /shop/goods/337152985759 HTTP/1.1" 200 0 "https://actualbuzz.com/sitemap810.xml" "Mozilla/5.0 (Linux; Android 7.0;) AppleWebKit/537.36 (HTML, like Gecko) Mobile Safari/537.36 (compatible; PetalBot;+https://webmaster.petalsearch.com/site/petalbot)"
114.119.155.115 - - [16/May/2026:13:06:26 +0000] "GET /shop/goods/33712834146 HTTP/1.1" 200 0 "https://actualbuzz.com/sitemap297.xml" "Mozilla/5.0 (Linux; Android 7.0;) AppleWebKit/537.36 (HTML, like Gecko) Mobile Safari/537.36 (compatible; PetalBot;+https://webmaster.petalsearch.com/site/petalbot)"
52.167.144.172 - - [16/May/2026:13:07:07 +0000] "GET /shop/goods/337159122369 HTTP/2" 200 0 "-" "Mozilla/5.0 AppleWebKit/537.36 (KHTML, like Gecko; compatible; bingbot/2.0; +http://www.bing.com/bingbot.htm) Chrome/116.0.1938.76 Safari/537.36"
114.119.147.205 - - [16/May/2026:13:08:31 +0000] "GET /shop/goods/33712833235 HTTP/1.1" 200 0 "https://actualbuzz.com/sitemap378.xml" "Mozilla/5.0 (Linux; Android 7.0;) AppleWebKit/537.36 (HTML, like Gecko) Mobile Safari/537.36 (compatible; PetalBot;+https://webmaster.petalsearch.com/site/petalbot)"
114.119.149.1 - - [16/May/2026:13:09:29 +0000] "GET /shop/goods/33712831803 HTTP/1.1" 200 0 "https://actualbuzz.com/sitemap162.xml" "Mozilla/5.0 (Linux; Android 7.0;) AppleWebKit/537.36 (HTML, like Gecko) Mobile Safari/537.36 (compatible; PetalBot;+https://webmaster.petalsearch.com/site/petalbot)"
74.7.175.173 - - [16/May/2026:13:09:33 +0000] "GET /robots.txt HTTP/2" 200 0 "-" "Mozilla/5.0 (Macintosh; Intel Mac OS X 10_15_7) AppleWebKit/537.36 (KHTML, like Gecko) Chrome/131.0.0.0 Safari/537.36; compatible; OAI-SearchBot/1.3; robots.txt; +https://openai.com/searchbot"
40.77.167.42 - - [16/May/2026:13:09:56 +0000] "GET /shop/goods/33702324405 HTTP/2" 200 0 "-" "Mozilla/5.0 AppleWebKit/537.36 (KHTML, like Gecko; compatible; bingbot/2.0; +http://www.bing.com/bingbot.htm) Chrome/116.0.1938.76 Safari/537.36"
40.77.167.42 - - [16/May/2026:13:09:57 +0000] "GET /shop/goods/336715779169 HTTP/2" 200 0 "-" "Mozilla/5.0 AppleWebKit/537.36 (KHTML, like Gecko; compatible; bingbot/2.0; +http://www.bing.com/bingbot.htm) Chrome/116.0.1938.76 Safari/537.36"
114.119.139.183 - - [16/May/2026:13:10:40 +0000] "GET /shop/goods/33712829668 HTTP/1.1" 200 0 "https://actualbuzz.com/sitemap945.xml" "Mozilla/5.0 (Linux; Android 7.0;) AppleWebKit/537.36 (HTML, like Gecko) Mobile Safari/537.36 (compatible; PetalBot;+https://webmaster.petalsearch.com/site/petalbot)"
114.119.150.16 - - [16/May/2026:13:12:00 +0000] "GET /shop/goods/33712829525 HTTP/1.1" 200 0 "https://actualbuzz.com/sitemap324.xml" "Mozilla/5.0 (Linux; Android 7.0;) AppleWebKit/537.36 (HTML, like Gecko) Mobile Safari/537.36 (compatible; PetalBot;+https://webmaster.petalsearch.com/site/petalbot)"
35.235.71.243 - - [16/May/2026:13:12:47 +0000] "GET / HTTP/1.1" 200 0 "-" "Mozilla/5.0 (ZZ; Linux i686) AppleWebKit/537.36 (KHTML, like Gecko) Chrome/130.0.0.0 Safari/537.36"
114.119.147.205 - - [16/May/2026:13:13:20 +0000] "GET /shop/goods/33712828956 HTTP/1.1" 200 0 "https://actualbuzz.com/sitemap918.xml" "Mozilla/5.0 (Linux; Android 7.0;) AppleWebKit/537.36 (HTML, like Gecko) Mobile Safari/537.36 (compatible; PetalBot;+https://webmaster.petalsearch.com/site/petalbot)"
114.119.150.16 - - [16/May/2026:13:14:48 +0000] "GET /shop/goods/33712827670 HTTP/1.1" 200 0 "https://actualbuzz.com/sitemap351.xml" "Mozilla/5.0 (Linux; Android 7.0;) AppleWebKit/537.36 (HTML, like Gecko) Mobile Safari/537.36 (compatible; PetalBot;+https://webmaster.petalsearch.com/site/petalbot)"
40.77.167.42 - - [16/May/2026:13:15:47 +0000] "GET /shop/goods/336644521432 HTTP/2" 200 0 "-" "Mozilla/5.0 AppleWebKit/537.36 (KHTML, like Gecko; compatible; bingbot/2.0; +http://www.bing.com/bingbot.htm) Chrome/116.0.1938.76 Safari/537.36"
114.119.147.205 - - [16/May/2026:13:16:14 +0000] "GET /shop/goods/33712825107 HTTP/1.1" 200 0 "https://actualbuzz.com/sitemap405.xml" "Mozilla/5.0 (Linux; Android 7.0;) AppleWebKit/537.36 (HTML, like Gecko) Mobile Safari/537.36 (compatible; PetalBot;+https://webmaster.petalsearch.com/site/petalbot)"
114.119.132.61 - - [16/May/2026:13:18:09 +0000] "GET /shop/goods/33722922387 HTTP/1.1" 200 0 "https://actualbuzz.com/sitemap162.xml" "Mozilla/5.0 (Linux; Android 7.0;) AppleWebKit/537.36 (HTML, like Gecko) Mobile Safari/537.36 (compatible; PetalBot;+https://webmaster.petalsearch.com/site/petalbot)"
114.119.128.5 - - [16/May/2026:13:19:24 +0000] "GET /shop/goods/33718652562 HTTP/1.1" 200 0 "https://actualbuzz.com/sitemap162.xml" "Mozilla/5.0 (Linux; Android 7.0;) AppleWebKit/537.36 (HTML, like Gecko) Mobile Safari/537.36 (compatible; PetalBot;+https://webmaster.petalsearch.com/site/petalbot)"
114.119.128.5 - - [16/May/2026:13:20:34 +0000] "GET /shop/goods/33718454626 HTTP/1.1" 200 0 "https://actualbuzz.com/sitemap181.xml" "Mozilla/5.0 (Linux; Android 7.0;) AppleWebKit/537.36 (HTML, like Gecko) Mobile Safari/537.36 (compatible; PetalBot;+https://webmaster.petalsearch.com/site/petalbot)"
114.119.155.115 - - [16/May/2026:13:21:44 +0000] "GET /shop/goods/33715487070 HTTP/1.1" 200 0 "https://actualbuzz.com/sitemap297.xml" "Mozilla/5.0 (Linux; Android 7.0;) AppleWebKit/537.36 (HTML, like Gecko) Mobile Safari/537.36 (compatible; PetalBot;+https://webmaster.petalsearch.com/site/petalbot)"
114.119.162.251 - - [16/May/2026:13:23:09 +0000] "GET /shop/goods/337138387733 HTTP/1.1" 200 0 "https://actualbuzz.com/sitemap243.xml" "Mozilla/5.0 (Linux; Android 7.0;) AppleWebKit/537.36 (HTML, like Gecko) Mobile Safari/537.36 (compatible; PetalBot;+https://webmaster.petalsearch.com/site/petalbot)"
114.119.155.115 - - [16/May/2026:13:24:32 +0000] "GET /shop/goods/33712820637 HTTP/1.1" 200 0 "https://actualbuzz.com/sitemap189.xml" "Mozilla/5.0 (Linux; Android 7.0;) AppleWebKit/537.36 (HTML, like Gecko) Mobile Safari/537.36 (compatible; PetalBot;+https://webmaster.petalsearch.com/site/petalbot)"
114.119.162.251 - - [16/May/2026:13:25:55 +0000] "GET /shop/goods/33712818132 HTTP/1.1" 200 0 "https://actualbuzz.com/sitemap162.xml" "Mozilla/5.0 (Linux; Android 7.0;) AppleWebKit/537.36 (HTML, like Gecko) Mobile Safari/537.36 (compatible; PetalBot;+https://webmaster.petalsearch.com/site/petalbot)"
40.77.167.25 - - [16/May/2026:13:26:00 +0000] "GET /shop/goods/33673608593 HTTP/2" 200 0 "-" "Mozilla/5.0 AppleWebKit/537.36 (KHTML, like Gecko; compatible; bingbot/2.0; +http://www.bing.com/bingbot.htm) Chrome/116.0.1938.76 Safari/537.36"
40.77.167.25 - - [16/May/2026:13:26:01 +0000] "GET /shop/goods/33684410281 HTTP/2" 200 0 "-" "Mozilla/5.0 AppleWebKit/537.36 (KHTML, like Gecko; compatible; bingbot/2.0; +http://www.bing.com/bingbot.htm) Chrome/116.0.1938.76 Safari/537.36"
40.77.167.25 - - [16/May/2026:13:26:01 +0000] "GET /shop/goods/336825172727 HTTP/2" 200 0 "-" "Mozilla/5.0 AppleWebKit/537.36 (KHTML, like Gecko; compatible; bingbot/2.0; +http://www.bing.com/bingbot.htm) Chrome/116.0.1938.76 Safari/537.36"
114.119.132.61 - - [16/May/2026:13:27:19 +0000] "GET /shop/goods/33712815556 HTTP/1.1" 200 0 "https://actualbuzz.com/sitemap270.xml" "Mozilla/5.0 (Linux; Android 7.0;) AppleWebKit/537.36 (HTML, like Gecko) Mobile Safari/537.36 (compatible; PetalBot;+https://webmaster.petalsearch.com/site/petalbot)"
114.119.155.115 - - [16/May/2026:13:28:42 +0000] "GET /shop/goods/33712811311 HTTP/1.1" 200 0 "https://actualbuzz.com/sitemap702.xml" "Mozilla/5.0 (Linux; Android 7.0;) AppleWebKit/537.36 (HTML, like Gecko) Mobile Safari/537.36 (compatible; PetalBot;+https://webmaster.petalsearch.com/site/petalbot)"
114.119.128.5 - - [16/May/2026:13:30:09 +0000] "GET /shop/goods/33712808915 HTTP/1.1" 200 0 "https://actualbuzz.com/sitemap324.xml" "Mozilla/5.0 (Linux; Android 7.0;) AppleWebKit/537.36 (HTML, like Gecko) Mobile Safari/537.36 (compatible; PetalBot;+https://webmaster.petalsearch.com/site/petalbot)"
114.119.155.115 - - [16/May/2026:13:31:34 +0000] "GET /shop/goods/33712803006 HTTP/1.1" 200 0 "https://actualbuzz.com/sitemap189.xml" "Mozilla/5.0 (Linux; Android 7.0;) AppleWebKit/537.36 (HTML, like Gecko) Mobile Safari/537.36 (compatible; PetalBot;+https://webmaster.petalsearch.com/site/petalbot)"
114.119.162.251 - - [16/May/2026:13:32:54 +0000] "GET /shop/goods/33712802741 HTTP/1.1" 200 0 "https://actualbuzz.com/sitemap864.xml" "Mozilla/5.0 (Linux; Android 7.0;) AppleWebKit/537.36 (HTML, like Gecko) Mobile Safari/537.36 (compatible; PetalBot;+https://webmaster.petalsearch.com/site/petalbot)"
114.119.162.251 - - [16/May/2026:13:34:18 +0000] "GET /shop/goods/33712799367 HTTP/1.1" 200 0 "https://actualbuzz.com/sitemap162.xml" "Mozilla/5.0 (Linux; Android 7.0;) AppleWebKit/537.36 (HTML, like Gecko) Mobile Safari/537.36 (compatible; PetalBot;+https://webmaster.petalsearch.com/site/petalbot)"
40.77.167.27 - - [16/May/2026:13:35:09 +0000] "GET /shop/goods/3371100241831 HTTP/2" 200 0 "-" "Mozilla/5.0 AppleWebKit/537.36 (KHTML, like Gecko; compatible; bingbot/2.0; +http://www.bing.com/bingbot.htm) Chrome/116.0.1938.76 Safari/537.36"
40.77.167.78 - - [16/May/2026:13:35:11 +0000] "GET /shop/goods/3367104424214 HTTP/2" 200 0 "-" "Mozilla/5.0 AppleWebKit/537.36 (KHTML, like Gecko; compatible; bingbot/2.0; +http://www.bing.com/bingbot.htm) Chrome/116.0.1938.76 Safari/537.36"
40.77.167.78 - - [16/May/2026:13:35:13 +0000] "GET /shop/goods/33676863123 HTTP/2" 200 0 "-" "Mozilla/5.0 AppleWebKit/537.36 (KHTML, like Gecko; compatible; bingbot/2.0; +http://www.bing.com/bingbot.htm) Chrome/116.0.1938.76 Safari/537.36"
114.119.147.205 - - [16/May/2026:13:35:44 +0000] "GET /shop/goods/33712798664 HTTP/1.1" 200 0 "https://actualbuzz.com/sitemap324.xml" "Mozilla/5.0 (Linux; Android 7.0;) AppleWebKit/537.36 (HTML, like Gecko) Mobile Safari/537.36 (compatible; PetalBot;+https://webmaster.petalsearch.com/site/petalbot)"
114.119.149.1 - - [16/May/2026:13:37:06 +0000] "GET /shop/goods/33712797899 HTTP/1.1" 200 0 "https://actualbuzz.com/sitemap270.xml" "Mozilla/5.0 (Linux; Android 7.0;) AppleWebKit/537.36 (HTML, like Gecko) Mobile Safari/537.36 (compatible; PetalBot;+https://webmaster.petalsearch.com/site/petalbot)"
40.77.167.27 - - [16/May/2026:13:37:39 +0000] "GET /shop/goods/336715474423 HTTP/2" 200 0 "-" "Mozilla/5.0 AppleWebKit/537.36 (KHTML, like Gecko; compatible; bingbot/2.0; +http://www.bing.com/bingbot.htm) Chrome/116.0.1938.76 Safari/537.36"
114.119.147.205 - - [16/May/2026:13:38:29 +0000] "GET /shop/goods/33712797590 HTTP/1.1" 200 0 "https://actualbuzz.com/sitemap378.xml" "Mozilla/5.0 (Linux; Android 7.0;) AppleWebKit/537.36 (HTML, like Gecko) Mobile Safari/537.36 (compatible; PetalBot;+https://webmaster.petalsearch.com/site/petalbot)"
40.77.167.151 - - [16/May/2026:13:38:48 +0000] "GET /shop/products/67063706569.html HTTP/2" 200 0 "-" "Mozilla/5.0 AppleWebKit/537.36 (KHTML, like Gecko; compatible; bingbot/2.0; +http://www.bing.com/bingbot.htm) Chrome/116.0.1938.76 Safari/537.36"
114.119.150.16 - - [16/May/2026:13:39:53 +0000] "GET /shop/goods/33712797073 HTTP/1.1" 200 0 "https://actualbuzz.com/sitemap181.xml" "Mozilla/5.0 (Linux; Android 7.0;) AppleWebKit/537.36 (HTML, like Gecko) Mobile Safari/537.36 (compatible; PetalBot;+https://webmaster.petalsearch.com/site/petalbot)"
114.119.132.61 - - [16/May/2026:13:43:35 +0000] "GET /shop/goods/33712792471 HTTP/1.1" 200 0 "https://actualbuzz.com/sitemap270.xml" "Mozilla/5.0 (Linux; Android 7.0;) AppleWebKit/537.36 (HTML, like Gecko) Mobile Safari/537.36 (compatible; PetalBot;+https://webmaster.petalsearch.com/site/petalbot)"
52.167.144.147 - - [16/May/2026:13:43:38 +0000] "GET /shop/products/674019951698.html HTTP/2" 200 0 "-" "Mozilla/5.0 AppleWebKit/537.36 (KHTML, like Gecko; compatible; bingbot/2.0; +http://www.bing.com/bingbot.htm) Chrome/116.0.1938.76 Safari/537.36"
114.119.150.16 - - [16/May/2026:13:44:45 +0000] "GET /shop/goods/33712787964 HTTP/1.1" 200 0 "https://actualbuzz.com/sitemap108.xml" "Mozilla/5.0 (Linux; Android 7.0;) AppleWebKit/537.36 (HTML, like Gecko) Mobile Safari/537.36 (compatible; PetalBot;+https://webmaster.petalsearch.com/site/petalbot)"
52.167.144.159 - - [16/May/2026:13:45:02 +0000] "GET /shop/products/67011256353.html HTTP/2" 200 0 "-" "Mozilla/5.0 AppleWebKit/537.36 (KHTML, like Gecko; compatible; bingbot/2.0; +http://www.bing.com/bingbot.htm) Chrome/116.0.1938.76 Safari/537.36"
40.77.167.156 - - [16/May/2026:13:45:10 +0000] "GET /shop/goods/336614875051 HTTP/2" 200 0 "-" "Mozilla/5.0 AppleWebKit/537.36 (KHTML, like Gecko; compatible; bingbot/2.0; +http://www.bing.com/bingbot.htm) Chrome/116.0.1938.76 Safari/537.36"
114.119.150.16 - - [16/May/2026:13:45:29 +0000] "GET /shop/goods/33712785456 HTTP/1.1" 200 0 "https://actualbuzz.com/sitemap189.xml" "Mozilla/5.0 (Linux; Android 7.0;) AppleWebKit/537.36 (HTML, like Gecko) Mobile Safari/537.36 (compatible; PetalBot;+https://webmaster.petalsearch.com/site/petalbot)"
114.119.149.1 - - [16/May/2026:13:46:51 +0000] "GET /shop/goods/33712782036 HTTP/1.1" 200 0 "https://actualbuzz.com/sitemap297.xml" "Mozilla/5.0 (Linux; Android 7.0;) AppleWebKit/537.36 (HTML, like Gecko) Mobile Safari/537.36 (compatible; PetalBot;+https://webmaster.petalsearch.com/site/petalbot)"
52.167.144.166 - - [16/May/2026:13:47:40 +0000] "GET /shop/goods/336641917934 HTTP/2" 200 0 "-" "Mozilla/5.0 AppleWebKit/537.36 (KHTML, like Gecko; compatible; bingbot/2.0; +http://www.bing.com/bingbot.htm) Chrome/116.0.1938.76 Safari/537.36"
114.119.139.183 - - [16/May/2026:13:48:15 +0000] "GET /shop/goods/33712779765 HTTP/1.1" 200 0 "https://actualbuzz.com/sitemap162.xml" "Mozilla/5.0 (Linux; Android 7.0;) AppleWebKit/537.36 (HTML, like Gecko) Mobile Safari/537.36 (compatible; PetalBot;+https://webmaster.petalsearch.com/site/petalbot)"
14.226.3.148 - - [16/May/2026:13:48:56 +0000] "GET /shop/goods/337120390263 HTTP/1.1" 200 0 "-" "Mozilla/5.0 (Macintosh; Intel Mac OS X 12_7_3) AppleWebKit/537.36 (KHTML, like Gecko) Chrome/124.0.6367.82 Safari/537.36"
114.119.139.183 - - [16/May/2026:13:49:38 +0000] "GET /shop/goods/33712789240 HTTP/1.1" 200 0 "https://actualbuzz.com/sitemap405.xml" "Mozilla/5.0 (Linux; Android 7.0;) AppleWebKit/537.36 (HTML, like Gecko) Mobile Safari/537.36 (compatible; PetalBot;+https://webmaster.petalsearch.com/site/petalbot)"
114.119.132.61 - - [16/May/2026:13:51:02 +0000] "GET /shop/goods/33712779624 HTTP/1.1" 200 0 "https://actualbuzz.com/sitemap189.xml" "Mozilla/5.0 (Linux; Android 7.0;) AppleWebKit/537.36 (HTML, like Gecko) Mobile Safari/537.36 (compatible; PetalBot;+https://webmaster.petalsearch.com/site/petalbot)"
114.119.155.115 - - [16/May/2026:13:52:26 +0000] "GET /shop/goods/33712778845 HTTP/1.1" 200 0 "https://actualbuzz.com/sitemap405.xml" "Mozilla/5.0 (Linux; Android 7.0;) AppleWebKit/537.36 (HTML, like Gecko) Mobile Safari/537.36 (compatible; PetalBot;+https://webmaster.petalsearch.com/site/petalbot)"
40.77.167.156 - - [16/May/2026:13:53:01 +0000] "GET /shop/goods/33665983706 HTTP/2" 200 0 "-" "Mozilla/5.0 AppleWebKit/537.36 (KHTML, like Gecko; compatible; bingbot/2.0; +http://www.bing.com/bingbot.htm) Chrome/116.0.1938.76 Safari/537.36"
114.119.132.61 - - [16/May/2026:13:53:49 +0000] "GET /shop/goods/33712778037 HTTP/1.1" 200 0 "https://actualbuzz.com/sitemap162.xml" "Mozilla/5.0 (Linux; Android 7.0;) AppleWebKit/537.36 (HTML, like Gecko) Mobile Safari/537.36 (compatible; PetalBot;+https://webmaster.petalsearch.com/site/petalbot)"
114.119.147.205 - - [16/May/2026:13:55:13 +0000] "GET /shop/goods/33712773355 HTTP/1.1" 200 0 "https://actualbuzz.com/sitemap270.xml" "Mozilla/5.0 (Linux; Android 7.0;) AppleWebKit/537.36 (HTML, like Gecko) Mobile Safari/537.36 (compatible; PetalBot;+https://webmaster.petalsearch.com/site/petalbot)"
114.119.132.61 - - [16/May/2026:13:56:36 +0000] "GET /shop/goods/33712772916 HTTP/1.1" 200 0 "https://actualbuzz.com/sitemap675.xml" "Mozilla/5.0 (Linux; Android 7.0;) AppleWebKit/537.36 (HTML, like Gecko) Mobile Safari/537.36 (compatible; PetalBot;+https://webmaster.petalsearch.com/site/petalbot)"
114.119.128.5 - - [16/May/2026:13:57:59 +0000] "GET /shop/goods/33712772046 HTTP/1.1" 200 0 "https://actualbuzz.com/sitemap297.xml" "Mozilla/5.0 (Linux; Android 7.0;) AppleWebKit/537.36 (HTML, like Gecko) Mobile Safari/537.36 (compatible; PetalBot;+https://webmaster.petalsearch.com/site/petalbot)"
114.119.162.251 - - [16/May/2026:13:59:30 +0000] "GET /shop/goods/33712769409 HTTP/1.1" 200 0 "https://actualbuzz.com/sitemap405.xml" "Mozilla/5.0 (Linux; Android 7.0;) AppleWebKit/537.36 (HTML, like Gecko) Mobile Safari/537.36 (compatible; PetalBot;+https://webmaster.petalsearch.com/site/petalbot)"
114.119.132.61 - - [16/May/2026:14:00:46 +0000] "GET /shop/goods/33712768531 HTTP/1.1" 200 0 "https://actualbuzz.com/sitemap405.xml" "Mozilla/5.0 (Linux; Android 7.0;) AppleWebKit/537.36 (HTML, like Gecko) Mobile Safari/537.36 (compatible; PetalBot;+https://webmaster.petalsearch.com/site/petalbot)"
114.119.162.251 - - [16/May/2026:14:02:10 +0000] "GET /shop/goods/33712768531 HTTP/1.1" 200 0 "https://actualbuzz.com/sitemap405.xml" "Mozilla/5.0 (Linux; Android 7.0;) AppleWebKit/537.36 (HTML, like Gecko) Mobile Safari/537.36 (compatible; PetalBot;+https://webmaster.petalsearch.com/site/petalbot)"
52.167.144.236 - - [16/May/2026:14:03:01 +0000] "GET /shop/goods/33691917621 HTTP/2" 200 0 "-" "Mozilla/5.0 AppleWebKit/537.36 (KHTML, like Gecko; compatible; bingbot/2.0; +http://www.bing.com/bingbot.htm) Chrome/116.0.1938.76 Safari/537.36"
114.119.149.1 - - [16/May/2026:14:03:34 +0000] "GET /shop/goods/33712768002 HTTP/1.1" 200 0 "https://actualbuzz.com/sitemap405.xml" "Mozilla/5.0 (Linux; Android 7.0;) AppleWebKit/537.36 (HTML, like Gecko) Mobile Safari/537.36 (compatible; PetalBot;+https://webmaster.petalsearch.com/site/petalbot)"
114.119.132.61 - - [16/May/2026:14:04:59 +0000] "GET /shop/goods/33712766849 HTTP/1.1" 200 0 "https://actualbuzz.com/sitemap270.xml" "Mozilla/5.0 (Linux; Android 7.0;) AppleWebKit/537.36 (HTML, like Gecko) Mobile Safari/537.36 (compatible; PetalBot;+https://webmaster.petalsearch.com/site/petalbot)"
114.119.162.251 - - [16/May/2026:14:06:21 +0000] "GET /shop/goods/33712762222 HTTP/1.1" 200 0 "https://actualbuzz.com/sitemap351.xml" "Mozilla/5.0 (Linux; Android 7.0;) AppleWebKit/537.36 (HTML, like Gecko) Mobile Safari/537.36 (compatible; PetalBot;+https://webmaster.petalsearch.com/site/petalbot)"
90.250.219.233 - - [16/May/2026:14:06:59 +0000] "GET /category/blog/page/4/ HTTP/1.1" 200 0 "-" "Mozilla/5.0 (Macintosh; Intel Mac OS X 14_4_0) AppleWebKit/537.36 (KHTML, like Gecko) Chrome/134.0.6998.45"
114.119.162.251 - - [16/May/2026:14:07:48 +0000] "GET /shop/goods/33712761793 HTTP/1.1" 200 0 "https://actualbuzz.com/sitemap378.xml" "Mozilla/5.0 (Linux; Android 7.0;) AppleWebKit/537.36 (HTML, like Gecko) Mobile Safari/537.36 (compatible; PetalBot;+https://webmaster.petalsearch.com/site/petalbot)"
114.119.162.251 - - [16/May/2026:14:09:10 +0000] "GET /shop/goods/33712761252 HTTP/1.1" 200 0 "https://actualbuzz.com/sitemap162.xml" "Mozilla/5.0 (Linux; Android 7.0;) AppleWebKit/537.36 (HTML, like Gecko) Mobile Safari/537.36 (compatible; PetalBot;+https://webmaster.petalsearch.com/site/petalbot)"
114.119.132.61 - - [16/May/2026:14:10:30 +0000] "GET /shop/goods/33712758301 HTTP/1.1" 200 0 "https://actualbuzz.com/sitemap181.xml" "Mozilla/5.0 (Linux; Android 7.0;) AppleWebKit/537.36 (HTML, like Gecko) Mobile Safari/537.36 (compatible; PetalBot;+https://webmaster.petalsearch.com/site/petalbot)"
114.119.128.5 - - [16/May/2026:14:11:54 +0000] "GET /shop/goods/33712758298 HTTP/1.1" 200 0 "https://actualbuzz.com/sitemap405.xml" "Mozilla/5.0 (Linux; Android 7.0;) AppleWebKit/537.36 (HTML, like Gecko) Mobile Safari/537.36 (compatible; PetalBot;+https://webmaster.petalsearch.com/site/petalbot)"
40.77.167.241 - - [16/May/2026:14:12:53 +0000] "GET /shop/goods/33673922819 HTTP/2" 200 0 "-" "Mozilla/5.0 AppleWebKit/537.36 (KHTML, like Gecko; compatible; bingbot/2.0; +http://www.bing.com/bingbot.htm) Chrome/116.0.1938.76 Safari/537.36"
114.119.162.251 - - [16/May/2026:14:13:18 +0000] "GET /shop/goods/33712758020 HTTP/1.1" 200 0 "https://actualbuzz.com/sitemap324.xml" "Mozilla/5.0 (Linux; Android 7.0;) AppleWebKit/537.36 (HTML, like Gecko) Mobile Safari/537.36 (compatible; PetalBot;+https://webmaster.petalsearch.com/site/petalbot)"
114.119.149.1 - - [16/May/2026:14:15:18 +0000] "GET /shop/goods/33712754905 HTTP/1.1" 200 0 "https://actualbuzz.com/sitemap405.xml" "Mozilla/5.0 (Linux; Android 7.0;) AppleWebKit/537.36 (HTML, like Gecko) Mobile Safari/537.36 (compatible; PetalBot;+https://webmaster.petalsearch.com/site/petalbot)"
114.119.155.115 - - [16/May/2026:14:16:11 +0000] "GET /shop/goods/33712753087 HTTP/1.1" 200 0 "https://actualbuzz.com/sitemap270.xml" "Mozilla/5.0 (Linux; Android 7.0;) AppleWebKit/537.36 (HTML, like Gecko) Mobile Safari/537.36 (compatible; PetalBot;+https://webmaster.petalsearch.com/site/petalbot)"
40.77.167.71 - - [16/May/2026:14:16:32 +0000] "GET /shop/goods/33705056728 HTTP/2" 200 0 "-" "Mozilla/5.0 AppleWebKit/537.36 (KHTML, like Gecko; compatible; bingbot/2.0; +http://www.bing.com/bingbot.htm) Chrome/116.0.1938.76 Safari/537.36"
40.77.167.71 - - [16/May/2026:14:16:33 +0000] "GET /shop/goods/33673755364 HTTP/2" 200 0 "-" "Mozilla/5.0 AppleWebKit/537.36 (KHTML, like Gecko; compatible; bingbot/2.0; +http://www.bing.com/bingbot.htm) Chrome/116.0.1938.76 Safari/537.36"
40.77.167.241 - - [16/May/2026:14:16:37 +0000] "GET /shop/goods/337114604179 HTTP/2" 200 0 "-" "Mozilla/5.0 AppleWebKit/537.36 (KHTML, like Gecko; compatible; bingbot/2.0; +http://www.bing.com/bingbot.htm) Chrome/116.0.1938.76 Safari/537.36"
40.77.167.241 - - [16/May/2026:14:16:37 +0000] "GET /shop/goods/33715722098 HTTP/2" 200 0 "-" "Mozilla/5.0 AppleWebKit/537.36 (KHTML, like Gecko; compatible; bingbot/2.0; +http://www.bing.com/bingbot.htm) Chrome/116.0.1938.76 Safari/537.36"
114.119.150.16 - - [16/May/2026:14:17:28 +0000] "GET /shop/goods/33712750095 HTTP/1.1" 200 0 "https://actualbuzz.com/sitemap297.xml" "Mozilla/5.0 (Linux; Android 7.0;) AppleWebKit/537.36 (HTML, like Gecko) Mobile Safari/537.36 (compatible; PetalBot;+https://webmaster.petalsearch.com/site/petalbot)"
40.77.167.241 - - [16/May/2026:14:17:43 +0000] "GET /shop/goods/33691654269 HTTP/2" 200 0 "-" "Mozilla/5.0 AppleWebKit/537.36 (KHTML, like Gecko; compatible; bingbot/2.0; +http://www.bing.com/bingbot.htm) Chrome/116.0.1938.76 Safari/537.36"
114.119.150.16 - - [16/May/2026:14:18:58 +0000] "GET /shop/goods/33712749129 HTTP/1.1" 200 0 "https://actualbuzz.com/sitemap405.xml" "Mozilla/5.0 (Linux; Android 7.0;) AppleWebKit/537.36 (HTML, like Gecko) Mobile Safari/537.36 (compatible; PetalBot;+https://webmaster.petalsearch.com/site/petalbot)"
79.53.107.197 - - [16/May/2026:14:18:59 +0000] "GET /shop/goods/33666133289 HTTP/1.1" 200 0 "-" "Mozilla/5.0 (Macintosh; Intel Mac OS X 11.5; rv:135.0) Gecko/20100101 Firefox/135.0"
114.119.155.115 - - [16/May/2026:14:20:15 +0000] "GET /shop/goods/33712748943 HTTP/1.1" 200 0 "https://actualbuzz.com/sitemap405.xml" "Mozilla/5.0 (Linux; Android 7.0;) AppleWebKit/537.36 (HTML, like Gecko) Mobile Safari/537.36 (compatible; PetalBot;+https://webmaster.petalsearch.com/site/petalbot)"
40.77.167.154 - - [16/May/2026:14:21:32 +0000] "GET /shop/products/6700920154.html HTTP/2" 200 0 "-" "Mozilla/5.0 AppleWebKit/537.36 (KHTML, like Gecko; compatible; bingbot/2.0; +http://www.bing.com/bingbot.htm) Chrome/116.0.1938.76 Safari/537.36"
114.119.132.61 - - [16/May/2026:14:21:38 +0000] "GET /shop/goods/33712748472 HTTP/1.1" 200 0 "https://actualbuzz.com/sitemap162.xml" "Mozilla/5.0 (Linux; Android 7.0;) AppleWebKit/537.36 (HTML, like Gecko) Mobile Safari/537.36 (compatible; PetalBot;+https://webmaster.petalsearch.com/site/petalbot)"
114.119.150.16 - - [16/May/2026:14:23:02 +0000] "GET /shop/goods/33712744971 HTTP/1.1" 200 0 "https://actualbuzz.com/sitemap675.xml" "Mozilla/5.0 (Linux; Android 7.0;) AppleWebKit/537.36 (HTML, like Gecko) Mobile Safari/537.36 (compatible; PetalBot;+https://webmaster.petalsearch.com/site/petalbot)"
114.119.147.205 - - [16/May/2026:14:24:26 +0000] "GET /shop/goods/33712744135 HTTP/1.1" 200 0 "https://actualbuzz.com/sitemap378.xml" "Mozilla/5.0 (Linux; Android 7.0;) AppleWebKit/537.36 (HTML, like Gecko) Mobile Safari/537.36 (compatible; PetalBot;+https://webmaster.petalsearch.com/site/petalbot)"
52.167.144.179 - - [16/May/2026:14:25:24 +0000] "GET /shop/goods/33715836492 HTTP/2" 200 0 "-" "Mozilla/5.0 AppleWebKit/537.36 (KHTML, like Gecko; compatible; bingbot/2.0; +http://www.bing.com/bingbot.htm) Chrome/116.0.1938.76 Safari/537.36"
114.119.147.205 - - [16/May/2026:14:25:50 +0000] "GET /shop/goods/33712742856 HTTP/1.1" 200 0 "https://actualbuzz.com/sitemap405.xml" "Mozilla/5.0 (Linux; Android 7.0;) AppleWebKit/537.36 (HTML, like Gecko) Mobile Safari/537.36 (compatible; PetalBot;+https://webmaster.petalsearch.com/site/petalbot)"
66.249.65.102 - - [16/May/2026:14:26:43 +0000] "GET /robots.txt HTTP/1.1" 200 0 "-" "Mozilla/5.0 (compatible; Googlebot/2.1; +http://www.google.com/bot.html)"
40.77.167.25 - - [16/May/2026:14:26:44 +0000] "GET /shop/goods/3366204202 HTTP/2" 200 0 "-" "Mozilla/5.0 AppleWebKit/537.36 (KHTML, like Gecko; compatible; bingbot/2.0; +http://www.bing.com/bingbot.htm) Chrome/116.0.1938.76 Safari/537.36"
66.249.65.100 - - [16/May/2026:14:26:47 +0000] "GET /feed/ HTTP/1.1" 200 0 "-" "Mozilla/5.0 (Linux; Android 6.0.1; Nexus 5X Build/MMB29P) AppleWebKit/537.36 (KHTML, like Gecko) Chrome/148.0.7778.96 Mobile Safari/537.36 (compatible; Googlebot/2.1; +http://www.google.com/bot.html)"
114.119.147.205 - - [16/May/2026:14:27:13 +0000] "GET /shop/goods/33712742753 HTTP/1.1" 200 0 "https://actualbuzz.com/sitemap378.xml" "Mozilla/5.0 (Linux; Android 7.0;) AppleWebKit/537.36 (HTML, like Gecko) Mobile Safari/537.36 (compatible; PetalBot;+https://webmaster.petalsearch.com/site/petalbot)"
66.249.65.100 - - [16/May/2026:14:28:22 +0000] "GET /comments/feed/ HTTP/1.1" 200 0 "-" "Mozilla/5.0 (Linux; Android 6.0.1; Nexus 5X Build/MMB29P) AppleWebKit/537.36 (KHTML, like Gecko) Chrome/148.0.7778.96 Mobile Safari/537.36 (compatible; Googlebot/2.1; +http://www.google.com/bot.html)"
114.119.139.183 - - [16/May/2026:14:28:36 +0000] "GET /shop/goods/33712740550 HTTP/1.1" 200 0 "https://actualbuzz.com/sitemap756.xml" "Mozilla/5.0 (Linux; Android 7.0;) AppleWebKit/537.36 (HTML, like Gecko) Mobile Safari/537.36 (compatible; PetalBot;+https://webmaster.petalsearch.com/site/petalbot)"
66.249.65.100 - - [16/May/2026:14:30:50 +0000] "GET /business-2-landing/feed/ HTTP/1.1" 200 0 "-" "Mozilla/5.0 (Linux; Android 6.0.1; Nexus 5X Build/MMB29P) AppleWebKit/537.36 (KHTML, like Gecko) Chrome/148.0.7778.96 Mobile Safari/537.36 (compatible; Googlebot/2.1; +http://www.google.com/bot.html)"
79.113.7.222 - - [16/May/2026:14:30:59 +0000] "GET /shop/goods/33666185318 HTTP/1.1" 200 0 "-" "Mozilla/5.0 (Macintosh; Intel Mac OS X 13_5_2) AppleWebKit/537.36 (KHTML, like Gecko) Chrome/129.0.6668.100 Safari/537.36"
114.119.132.61 - - [16/May/2026:14:31:25 +0000] "GET /shop/goods/33712732739 HTTP/1.1" 200 0 "https://actualbuzz.com/sitemap162.xml" "Mozilla/5.0 (Linux; Android 7.0;) AppleWebKit/537.36 (HTML, like Gecko) Mobile Safari/537.36 (compatible; PetalBot;+https://webmaster.petalsearch.com/site/petalbot)"
114.119.139.183 - - [16/May/2026:14:32:59 +0000] "GET /shop/goods/33712729886 HTTP/1.1" 200 0 "https://actualbuzz.com/sitemap270.xml" "Mozilla/5.0 (Linux; Android 7.0;) AppleWebKit/537.36 (HTML, like Gecko) Mobile Safari/537.36 (compatible; PetalBot;+https://webmaster.petalsearch.com/site/petalbot)"
52.167.144.212 - - [16/May/2026:14:33:05 +0000] "GET /shop/goods/33712585926 HTTP/2" 200 0 "-" "Mozilla/5.0 AppleWebKit/537.36 (KHTML, like Gecko; compatible; bingbot/2.0; +http://www.bing.com/bingbot.htm) Chrome/116.0.1938.76 Safari/537.36"
114.119.162.251 - - [16/May/2026:14:34:11 +0000] "GET /shop/goods/33712727541 HTTP/1.1" 200 0 "https://actualbuzz.com/sitemap189.xml" "Mozilla/5.0 (Linux; Android 7.0;) AppleWebKit/537.36 (HTML, like Gecko) Mobile Safari/537.36 (compatible; PetalBot;+https://webmaster.petalsearch.com/site/petalbot)"
52.167.144.147 - - [16/May/2026:14:34:46 +0000] "GET /shop/goods/3366477398 HTTP/2" 200 0 "-" "Mozilla/5.0 AppleWebKit/537.36 (KHTML, like Gecko; compatible; bingbot/2.0; +http://www.bing.com/bingbot.htm) Chrome/116.0.1938.76 Safari/537.36"
114.119.150.16 - - [16/May/2026:14:35:36 +0000] "GET /shop/goods/33712726411 HTTP/1.1" 200 0 "https://actualbuzz.com/sitemap945.xml" "Mozilla/5.0 (Linux; Android 7.0;) AppleWebKit/537.36 (HTML, like Gecko) Mobile Safari/537.36 (compatible; PetalBot;+https://webmaster.petalsearch.com/site/petalbot)"
114.119.162.251 - - [16/May/2026:14:36:57 +0000] "GET /shop/goods/33712724636 HTTP/1.1" 200 0 "https://actualbuzz.com/sitemap378.xml" "Mozilla/5.0 (Linux; Android 7.0;) AppleWebKit/537.36 (HTML, like Gecko) Mobile Safari/537.36 (compatible; PetalBot;+https://webmaster.petalsearch.com/site/petalbot)"
104.210.140.134 - - [16/May/2026:14:37:35 +0000] "GET /robots.txt HTTP/2" 200 0 "-" "Mozilla/5.0 (Macintosh; Intel Mac OS X 10_15_7) AppleWebKit/537.36 (KHTML, like Gecko) Chrome/131.0.0.0 Safari/537.36; compatible; OAI-SearchBot/1.0; +https://openai.com/searchbot"
185.185.82.37 - - [16/May/2026:14:38:01 +0000] "GET / HTTP/1.1" 200 0 "-" "Scrapy/2.15.2 (+https://scrapy.org)"
114.119.149.1 - - [16/May/2026:14:38:23 +0000] "GET /shop/goods/33712724636 HTTP/1.1" 200 0 "https://actualbuzz.com/sitemap378.xml" "Mozilla/5.0 (Linux; Android 7.0;) AppleWebKit/537.36 (HTML, like Gecko) Mobile Safari/537.36 (compatible; PetalBot;+https://webmaster.petalsearch.com/site/petalbot)"
52.167.144.220 - - [16/May/2026:14:39:15 +0000] "GET /shop/goods/33697428084 HTTP/2" 200 0 "-" "Mozilla/5.0 AppleWebKit/537.36 (KHTML, like Gecko; compatible; bingbot/2.0; +http://www.bing.com/bingbot.htm) Chrome/116.0.1938.76 Safari/537.36"
40.77.167.78 - - [16/May/2026:14:39:28 +0000] "GET /shop/goods/336913451130 HTTP/2" 200 0 "-" "Mozilla/5.0 AppleWebKit/537.36 (KHTML, like Gecko; compatible; bingbot/2.0; +http://www.bing.com/bingbot.htm) Chrome/116.0.1938.76 Safari/537.36"
114.119.162.251 - - [16/May/2026:14:39:44 +0000] "GET /shop/goods/33712721821 HTTP/1.1" 200 0 "https://actualbuzz.com/sitemap945.xml" "Mozilla/5.0 (Linux; Android 7.0;) AppleWebKit/537.36 (HTML, like Gecko) Mobile Safari/537.36 (compatible; PetalBot;+https://webmaster.petalsearch.com/site/petalbot)"
114.119.128.5 - - [16/May/2026:14:41:07 +0000] "GET /shop/goods/33712709681 HTTP/1.1" 200 0 "https://actualbuzz.com/sitemap162.xml" "Mozilla/5.0 (Linux; Android 7.0;) AppleWebKit/537.36 (HTML, like Gecko) Mobile Safari/537.36 (compatible; PetalBot;+https://webmaster.petalsearch.com/site/petalbot)"
114.119.150.16 - - [16/May/2026:14:42:38 +0000] "GET /shop/goods/33712701504 HTTP/1.1" 200 0 "https://actualbuzz.com/sitemap405.xml" "Mozilla/5.0 (Linux; Android 7.0;) AppleWebKit/537.36 (HTML, like Gecko) Mobile Safari/537.36 (compatible; PetalBot;+https://webmaster.petalsearch.com/site/petalbot)"
51.15.5.148 - - [16/May/2026:14:42:59 +0000] "GET /shop/goods/336745326476 HTTP/1.1" 200 0 "-" "Mozilla/5.0 (Macintosh; Intel Mac OS X 14.6; rv:132.0) Gecko/20100101 Firefox/132.0"
114.119.128.5 - - [16/May/2026:14:43:55 +0000] "GET /shop/goods/33712699620 HTTP/1.1" 200 0 "https://actualbuzz.com/sitemap378.xml" "Mozilla/5.0 (Linux; Android 7.0;) AppleWebKit/537.36 (HTML, like Gecko) Mobile Safari/537.36 (compatible; PetalBot;+https://webmaster.petalsearch.com/site/petalbot)"
114.119.162.251 - - [16/May/2026:14:45:18 +0000] "GET /shop/goods/33712697701 HTTP/1.1" 200 0 "https://actualbuzz.com/sitemap270.xml" "Mozilla/5.0 (Linux; Android 7.0;) AppleWebKit/537.36 (HTML, like Gecko) Mobile Safari/537.36 (compatible; PetalBot;+https://webmaster.petalsearch.com/site/petalbot)"
114.119.128.5 - - [16/May/2026:14:46:41 +0000] "GET /shop/goods/33712695123 HTTP/1.1" 200 0 "https://actualbuzz.com/sitemap297.xml" "Mozilla/5.0 (Linux; Android 7.0;) AppleWebKit/537.36 (HTML, like Gecko) Mobile Safari/537.36 (compatible; PetalBot;+https://webmaster.petalsearch.com/site/petalbot)"
114.119.128.5 - - [16/May/2026:14:48:52 +0000] "GET /shop/goods/33712691553 HTTP/1.1" 200 0 "https://actualbuzz.com/sitemap918.xml" "Mozilla/5.0 (Linux; Android 7.0;) AppleWebKit/537.36 (HTML, like Gecko) Mobile Safari/537.36 (compatible; PetalBot;+https://webmaster.petalsearch.com/site/petalbot)"
114.119.162.251 - - [16/May/2026:14:49:44 +0000] "GET /shop/goods/33712689943 HTTP/1.1" 200 0 "https://actualbuzz.com/sitemap945.xml" "Mozilla/5.0 (Linux; Android 7.0;) AppleWebKit/537.36 (HTML, like Gecko) Mobile Safari/537.36 (compatible; PetalBot;+https://webmaster.petalsearch.com/site/petalbot)"
114.119.132.61 - - [16/May/2026:14:50:54 +0000] "GET /the-waste-marketers-cant-afford-and-how-to-address-it/ HTTP/1.1" 200 0 "https://actualbuzz.com/category/blog" "Mozilla/5.0 (Linux; Android 7.0;) AppleWebKit/537.36 (HTML, like Gecko) Mobile Safari/537.36 (compatible; PetalBot;+https://webmaster.petalsearch.com/site/petalbot)"
